{"id":457,"date":"2022-02-20T13:51:31","date_gmt":"2022-02-20T12:51:31","guid":{"rendered":"https:\/\/www.sinclaircollection.site\/?page_id=457"},"modified":"2024-05-18T14:50:06","modified_gmt":"2024-05-18T12:50:06","slug":"delta","status":"publish","type":"page","link":"https:\/\/www.sinclaircollection.site\/?page_id=457","title":{"rendered":"DELTA"},"content":{"rendered":"\t\t<div data-elementor-type=\"wp-page\" data-elementor-id=\"457\" class=\"elementor elementor-457\">\n\t\t\t\t\t\t<section class=\"elementor-section elementor-top-section elementor-element elementor-element-76ab944 elementor-section-boxed elementor-section-height-default elementor-section-height-default\" data-id=\"76ab944\" data-element_type=\"section\">\n\t\t\t\t\t\t<div class=\"elementor-container elementor-column-gap-default\">\n\t\t\t\t\t<div class=\"elementor-column elementor-col-100 elementor-top-column elementor-element elementor-element-f996a58\" data-id=\"f996a58\" data-element_type=\"column\">\n\t\t\t<div class=\"elementor-widget-wrap elementor-element-populated\">\n\t\t\t\t\t\t<section class=\"elementor-section elementor-inner-section elementor-element elementor-element-3a900d6 elementor-section-boxed elementor-section-height-default elementor-section-height-default\" data-id=\"3a900d6\" data-element_type=\"section\">\n\t\t\t\t\t\t<div class=\"elementor-container elementor-column-gap-default\">\n\t\t\t\t\t<div class=\"elementor-column elementor-col-50 elementor-inner-column elementor-element elementor-element-d3d8ec2\" data-id=\"d3d8ec2\" data-element_type=\"column\">\n\t\t\t<div class=\"elementor-widget-wrap elementor-element-populated\">\n\t\t\t\t\t\t<div class=\"elementor-element elementor-element-6f07cd0 elementor-widget elementor-widget-image\" data-id=\"6f07cd0\" data-element_type=\"widget\" data-widget_type=\"image.default\">\n\t\t\t\t<div class=\"elementor-widget-container\">\n\t\t\t<style>\/*! elementor - v3.23.0 - 05-08-2024 *\/\n.elementor-widget-image{text-align:center}.elementor-widget-image a{display:inline-block}.elementor-widget-image a img[src$=\".svg\"]{width:48px}.elementor-widget-image img{vertical-align:middle;display:inline-block}<\/style>\t\t\t\t\t\t\t\t\t\t<img fetchpriority=\"high\" decoding=\"async\" width=\"920\" height=\"451\" src=\"https:\/\/www.sinclaircollection.site\/wp-content\/uploads\/2024\/05\/delta-0-1024x502.jpg\" class=\"attachment-large size-large wp-image-9479\" alt=\"\" srcset=\"https:\/\/www.sinclaircollection.site\/wp-content\/uploads\/2024\/05\/delta-0-1024x502.jpg 1024w, https:\/\/www.sinclaircollection.site\/wp-content\/uploads\/2024\/05\/delta-0-300x147.jpg 300w, https:\/\/www.sinclaircollection.site\/wp-content\/uploads\/2024\/05\/delta-0-768x376.jpg 768w, https:\/\/www.sinclaircollection.site\/wp-content\/uploads\/2024\/05\/delta-0-1536x753.jpg 1536w, https:\/\/www.sinclaircollection.site\/wp-content\/uploads\/2024\/05\/delta-0.jpg 1626w\" sizes=\"(max-width: 920px) 100vw, 920px\" \/>\t\t\t\t\t\t\t\t\t\t\t\t\t<\/div>\n\t\t\t\t<\/div>\n\t\t\t\t\t<\/div>\n\t\t<\/div>\n\t\t\t\t<div class=\"elementor-column elementor-col-50 elementor-inner-column elementor-element elementor-element-ab85208\" data-id=\"ab85208\" data-element_type=\"column\">\n\t\t\t<div class=\"elementor-widget-wrap elementor-element-populated\">\n\t\t\t\t\t\t<div class=\"elementor-element elementor-element-4a77c54 elementor-widget elementor-widget-text-editor\" data-id=\"4a77c54\" data-element_type=\"widget\" data-widget_type=\"text-editor.default\">\n\t\t\t\t<div class=\"elementor-widget-container\">\n\t\t\t<style>\/*! elementor - v3.23.0 - 05-08-2024 *\/\n.elementor-widget-text-editor.elementor-drop-cap-view-stacked .elementor-drop-cap{background-color:#69727d;color:#fff}.elementor-widget-text-editor.elementor-drop-cap-view-framed .elementor-drop-cap{color:#69727d;border:3px solid;background-color:transparent}.elementor-widget-text-editor:not(.elementor-drop-cap-view-default) .elementor-drop-cap{margin-top:8px}.elementor-widget-text-editor:not(.elementor-drop-cap-view-default) .elementor-drop-cap-letter{width:1em;height:1em}.elementor-widget-text-editor .elementor-drop-cap{float:left;text-align:center;line-height:1;font-size:50px}.elementor-widget-text-editor .elementor-drop-cap-letter{display:inline-block}<\/style>\t\t\t\t<p>Brand:&nbsp;<strong>Iskra Delta<\/strong><br>Model: <strong>Delta<\/strong><br>Country of origin: <strong>Yugoslavia \/&nbsp;Czechoslovakia<\/strong><br>Made in: <b>United Kingdom<\/b><br>First year of production:&nbsp;<strong>1986<\/strong><\/p>\n<p>Dimensions:&nbsp;<span style=\"font-weight: bold;\">319 \u00d7 152 \u00d7&nbsp;<\/span><span style=\"font-weight: bold;\">40 mm<\/span><br>(feet adds 2.5 mm; keys adds 6.5 mm)<br>Height with legs extended:&nbsp;<span style=\"font-weight: bold;\">65 mm<\/span><br>Weight:&nbsp;<span style=\"font-weight: 700;\">862&nbsp;<\/span><span style=\"font-weight: bold;\">g<\/span><strong><br><\/strong><\/p>\t\t\t\t\t\t<\/div>\n\t\t\t\t<\/div>\n\t\t\t\t\t<\/div>\n\t\t<\/div>\n\t\t\t\t\t<\/div>\n\t\t<\/section>\n\t\t\t\t<section class=\"elementor-section elementor-inner-section elementor-element elementor-element-960d202 elementor-section-boxed elementor-section-height-default elementor-section-height-default\" data-id=\"960d202\" data-element_type=\"section\">\n\t\t\t\t\t\t<div class=\"elementor-container elementor-column-gap-default\">\n\t\t\t\t\t<div class=\"elementor-column elementor-col-50 elementor-inner-column elementor-element elementor-element-8ced119\" data-id=\"8ced119\" data-element_type=\"column\">\n\t\t\t<div class=\"elementor-widget-wrap elementor-element-populated\">\n\t\t\t\t\t\t<div class=\"elementor-element elementor-element-f8a465a elementor-widget elementor-widget-text-editor\" data-id=\"f8a465a\" data-element_type=\"widget\" data-widget_type=\"text-editor.default\">\n\t\t\t\t<div class=\"elementor-widget-container\">\n\t\t\t\t\t\t\t<p>Imported into the Eastern Block via Yugoslavia and sold in Yugoslavia and Czechoslovakia.<br>This is believed to be left-over Christmas 1985 Sinclair stock after the Amstrad buy-out. All mentions of Sinclair on the computer and in the manual were removed, including the rainbow logo on the case.<br>Imported by the Czechoslovakian communist foreign trade business (PZO;&nbsp;Podnik zahrani\u010dn\u00edho obchodu), sold through <i>B\u00edl\u00e1 Labu\u0165<\/i> and <i>Merkuria<\/i>&nbsp;department stores.<\/p>\t\t\t\t\t\t<\/div>\n\t\t\t\t<\/div>\n\t\t\t\t\t<\/div>\n\t\t<\/div>\n\t\t\t\t<div class=\"elementor-column elementor-col-50 elementor-inner-column elementor-element elementor-element-1940860\" data-id=\"1940860\" data-element_type=\"column\">\n\t\t\t<div class=\"elementor-widget-wrap elementor-element-populated\">\n\t\t\t\t\t\t<div class=\"elementor-element elementor-element-f7db073 elementor-widget elementor-widget-image\" data-id=\"f7db073\" data-element_type=\"widget\" data-widget_type=\"image.default\">\n\t\t\t\t<div class=\"elementor-widget-container\">\n\t\t\t\t\t\t\t\t\t\t\t\t\t<img decoding=\"async\" width=\"604\" height=\"299\" src=\"https:\/\/www.sinclaircollection.site\/wp-content\/uploads\/2024\/03\/delta-zilver.png\" class=\"attachment-large size-large wp-image-7865\" alt=\"\" srcset=\"https:\/\/www.sinclaircollection.site\/wp-content\/uploads\/2024\/03\/delta-zilver.png 604w, https:\/\/www.sinclaircollection.site\/wp-content\/uploads\/2024\/03\/delta-zilver-300x149.png 300w\" sizes=\"(max-width: 604px) 100vw, 604px\" \/>\t\t\t\t\t\t\t\t\t\t\t\t\t<\/div>\n\t\t\t\t<\/div>\n\t\t\t\t<div class=\"elementor-element elementor-element-8412721 elementor-widget elementor-widget-text-editor\" data-id=\"8412721\" data-element_type=\"widget\" data-widget_type=\"text-editor.default\">\n\t\t\t\t<div class=\"elementor-widget-container\">\n\t\t\t\t\t\t\t<p>Originally the logo was silver, but over time it yellowed into a golden logo.<\/p>\t\t\t\t\t\t<\/div>\n\t\t\t\t<\/div>\n\t\t\t\t\t<\/div>\n\t\t<\/div>\n\t\t\t\t\t<\/div>\n\t\t<\/section>\n\t\t\t\t<div class=\"elementor-element elementor-element-3919c68 elementor-widget elementor-widget-image-gallery\" data-id=\"3919c68\" data-element_type=\"widget\" data-widget_type=\"image-gallery.default\">\n\t\t\t\t<div class=\"elementor-widget-container\">\n\t\t\t<style>\/*! elementor - v3.23.0 - 05-08-2024 *\/\n.elementor-image-gallery .gallery-item{display:inline-block;text-align:center;vertical-align:top;width:100%;max-width:100%;margin:0 auto}.elementor-image-gallery .gallery-item img{margin:0 auto}.elementor-image-gallery .gallery-item .gallery-caption{margin:0}.elementor-image-gallery figure img{display:block}.elementor-image-gallery figure figcaption{width:100%}.gallery-spacing-custom .elementor-image-gallery .gallery-icon{padding:0}@media (min-width:768px){.elementor-image-gallery .gallery-columns-2 .gallery-item{max-width:50%}.elementor-image-gallery .gallery-columns-3 .gallery-item{max-width:33.33%}.elementor-image-gallery .gallery-columns-4 .gallery-item{max-width:25%}.elementor-image-gallery .gallery-columns-5 .gallery-item{max-width:20%}.elementor-image-gallery .gallery-columns-6 .gallery-item{max-width:16.666%}.elementor-image-gallery .gallery-columns-7 .gallery-item{max-width:14.28%}.elementor-image-gallery .gallery-columns-8 .gallery-item{max-width:12.5%}.elementor-image-gallery .gallery-columns-9 .gallery-item{max-width:11.11%}.elementor-image-gallery .gallery-columns-10 .gallery-item{max-width:10%}}@media (min-width:480px) and (max-width:767px){.elementor-image-gallery .gallery.gallery-columns-2 .gallery-item,.elementor-image-gallery .gallery.gallery-columns-3 .gallery-item,.elementor-image-gallery .gallery.gallery-columns-4 .gallery-item,.elementor-image-gallery .gallery.gallery-columns-5 .gallery-item,.elementor-image-gallery .gallery.gallery-columns-6 .gallery-item,.elementor-image-gallery .gallery.gallery-columns-7 .gallery-item,.elementor-image-gallery .gallery.gallery-columns-8 .gallery-item,.elementor-image-gallery .gallery.gallery-columns-9 .gallery-item,.elementor-image-gallery .gallery.gallery-columns-10 .gallery-item{max-width:50%}}@media (max-width:479px){.elementor-image-gallery .gallery.gallery-columns-2 .gallery-item,.elementor-image-gallery .gallery.gallery-columns-3 .gallery-item,.elementor-image-gallery .gallery.gallery-columns-4 .gallery-item,.elementor-image-gallery .gallery.gallery-columns-5 .gallery-item,.elementor-image-gallery .gallery.gallery-columns-6 .gallery-item,.elementor-image-gallery .gallery.gallery-columns-7 .gallery-item,.elementor-image-gallery .gallery.gallery-columns-8 .gallery-item,.elementor-image-gallery .gallery.gallery-columns-9 .gallery-item,.elementor-image-gallery .gallery.gallery-columns-10 .gallery-item{max-width:100%}}<\/style>\t\t<div class=\"elementor-image-gallery\">\n\t\t\t<div id='gallery-1' class='gallery galleryid-457 gallery-columns-5 gallery-size-thumbnail'><figure class='gallery-item'>\n\t\t\t<div class='gallery-icon landscape'>\n\t\t\t\t<a data-elementor-open-lightbox=\"yes\" data-elementor-lightbox-slideshow=\"3919c68\" data-elementor-lightbox-title=\"Top view\" data-e-action-hash=\"#elementor-action%3Aaction%3Dlightbox%26settings%3DeyJpZCI6MTY1NywidXJsIjoiaHR0cHM6XC9cL3d3dy5zaW5jbGFpcmNvbGxlY3Rpb24uc2l0ZVwvd3AtY29udGVudFwvdXBsb2Fkc1wvMjAyMlwvMDNcLzMxXzFfMDFhLmpwZyIsInNsaWRlc2hvdyI6IjM5MTljNjgifQ%3D%3D\" href='https:\/\/www.sinclaircollection.site\/wp-content\/uploads\/2022\/03\/31_1_01a.jpg'><img decoding=\"async\" width=\"150\" height=\"150\" src=\"https:\/\/www.sinclaircollection.site\/wp-content\/uploads\/2022\/03\/31_1_01a-150x150.jpg\" class=\"attachment-thumbnail size-thumbnail\" alt=\"\" srcset=\"https:\/\/www.sinclaircollection.site\/wp-content\/uploads\/2022\/03\/31_1_01a-150x150.jpg 150w, https:\/\/www.sinclaircollection.site\/wp-content\/uploads\/2022\/03\/31_1_01a-666x666.jpg 666w, https:\/\/www.sinclaircollection.site\/wp-content\/uploads\/2022\/03\/31_1_01a-96x96.jpg 96w\" sizes=\"(max-width: 150px) 100vw, 150px\" \/><\/a>\n\t\t\t<\/div><\/figure><figure class='gallery-item'>\n\t\t\t<div class='gallery-icon landscape'>\n\t\t\t\t<a data-elementor-open-lightbox=\"yes\" data-elementor-lightbox-slideshow=\"3919c68\" data-elementor-lightbox-title=\"Bottom view\" data-e-action-hash=\"#elementor-action%3Aaction%3Dlightbox%26settings%3DeyJpZCI6MTY1OCwidXJsIjoiaHR0cHM6XC9cL3d3dy5zaW5jbGFpcmNvbGxlY3Rpb24uc2l0ZVwvd3AtY29udGVudFwvdXBsb2Fkc1wvMjAyMlwvMDNcLzMxXzNfMDMuanBnIiwic2xpZGVzaG93IjoiMzkxOWM2OCJ9\" href='https:\/\/www.sinclaircollection.site\/wp-content\/uploads\/2022\/03\/31_3_03.jpg'><img loading=\"lazy\" decoding=\"async\" width=\"150\" height=\"150\" src=\"https:\/\/www.sinclaircollection.site\/wp-content\/uploads\/2022\/03\/31_3_03-150x150.jpg\" class=\"attachment-thumbnail size-thumbnail\" alt=\"\" srcset=\"https:\/\/www.sinclaircollection.site\/wp-content\/uploads\/2022\/03\/31_3_03-150x150.jpg 150w, https:\/\/www.sinclaircollection.site\/wp-content\/uploads\/2022\/03\/31_3_03-666x666.jpg 666w, https:\/\/www.sinclaircollection.site\/wp-content\/uploads\/2022\/03\/31_3_03-96x96.jpg 96w\" sizes=\"(max-width: 150px) 100vw, 150px\" \/><\/a>\n\t\t\t<\/div><\/figure><figure class='gallery-item'>\n\t\t\t<div class='gallery-icon landscape'>\n\t\t\t\t<a data-elementor-open-lightbox=\"yes\" data-elementor-lightbox-slideshow=\"3919c68\" data-elementor-lightbox-title=\"Boot screen\" data-e-action-hash=\"#elementor-action%3Aaction%3Dlightbox%26settings%3DeyJpZCI6MTY1OSwidXJsIjoiaHR0cHM6XC9cL3d3dy5zaW5jbGFpcmNvbGxlY3Rpb24uc2l0ZVwvd3AtY29udGVudFwvdXBsb2Fkc1wvMjAyMlwvMDNcLzMxXzRfRFNDXzU3NDEuanBnIiwic2xpZGVzaG93IjoiMzkxOWM2OCJ9\" href='https:\/\/www.sinclaircollection.site\/wp-content\/uploads\/2022\/03\/31_4_DSC_5741.jpg'><img loading=\"lazy\" decoding=\"async\" width=\"150\" height=\"150\" src=\"https:\/\/www.sinclaircollection.site\/wp-content\/uploads\/2022\/03\/31_4_DSC_5741-150x150.jpg\" class=\"attachment-thumbnail size-thumbnail\" alt=\"\" srcset=\"https:\/\/www.sinclaircollection.site\/wp-content\/uploads\/2022\/03\/31_4_DSC_5741-150x150.jpg 150w, https:\/\/www.sinclaircollection.site\/wp-content\/uploads\/2022\/03\/31_4_DSC_5741-666x666.jpg 666w, https:\/\/www.sinclaircollection.site\/wp-content\/uploads\/2022\/03\/31_4_DSC_5741-96x96.jpg 96w\" sizes=\"(max-width: 150px) 100vw, 150px\" \/><\/a>\n\t\t\t<\/div><\/figure><figure class='gallery-item'>\n\t\t\t<div class='gallery-icon landscape'>\n\t\t\t\t<a data-elementor-open-lightbox=\"yes\" data-elementor-lightbox-slideshow=\"3919c68\" data-elementor-lightbox-title=\"My test card\" data-e-action-hash=\"#elementor-action%3Aaction%3Dlightbox%26settings%3DeyJpZCI6MTY2MCwidXJsIjoiaHR0cHM6XC9cL3d3dy5zaW5jbGFpcmNvbGxlY3Rpb24uc2l0ZVwvd3AtY29udGVudFwvdXBsb2Fkc1wvMjAyMlwvMDNcLzMxXzVfRFNDXzU3NDAuanBnIiwic2xpZGVzaG93IjoiMzkxOWM2OCJ9\" href='https:\/\/www.sinclaircollection.site\/wp-content\/uploads\/2022\/03\/31_5_DSC_5740.jpg'><img loading=\"lazy\" decoding=\"async\" width=\"150\" height=\"150\" src=\"https:\/\/www.sinclaircollection.site\/wp-content\/uploads\/2022\/03\/31_5_DSC_5740-150x150.jpg\" class=\"attachment-thumbnail size-thumbnail\" alt=\"\" srcset=\"https:\/\/www.sinclaircollection.site\/wp-content\/uploads\/2022\/03\/31_5_DSC_5740-150x150.jpg 150w, https:\/\/www.sinclaircollection.site\/wp-content\/uploads\/2022\/03\/31_5_DSC_5740-666x666.jpg 666w, https:\/\/www.sinclaircollection.site\/wp-content\/uploads\/2022\/03\/31_5_DSC_5740-96x96.jpg 96w\" sizes=\"(max-width: 150px) 100vw, 150px\" \/><\/a>\n\t\t\t<\/div><\/figure><figure class='gallery-item'>\n\t\t\t<div class='gallery-icon landscape'>\n\t\t\t\t<a data-elementor-open-lightbox=\"yes\" data-elementor-lightbox-slideshow=\"3919c68\" data-elementor-lightbox-title=\"Tact meter\" data-e-action-hash=\"#elementor-action%3Aaction%3Dlightbox%26settings%3DeyJpZCI6MTY2MSwidXJsIjoiaHR0cHM6XC9cL3d3dy5zaW5jbGFpcmNvbGxlY3Rpb24uc2l0ZVwvd3AtY29udGVudFwvdXBsb2Fkc1wvMjAyMlwvMDNcLzMxXzZfRFNDXzU3NDMuanBnIiwic2xpZGVzaG93IjoiMzkxOWM2OCJ9\" href='https:\/\/www.sinclaircollection.site\/wp-content\/uploads\/2022\/03\/31_6_DSC_5743.jpg'><img loading=\"lazy\" decoding=\"async\" width=\"150\" height=\"150\" src=\"https:\/\/www.sinclaircollection.site\/wp-content\/uploads\/2022\/03\/31_6_DSC_5743-150x150.jpg\" class=\"attachment-thumbnail size-thumbnail\" alt=\"\" srcset=\"https:\/\/www.sinclaircollection.site\/wp-content\/uploads\/2022\/03\/31_6_DSC_5743-150x150.jpg 150w, https:\/\/www.sinclaircollection.site\/wp-content\/uploads\/2022\/03\/31_6_DSC_5743-666x666.jpg 666w, https:\/\/www.sinclaircollection.site\/wp-content\/uploads\/2022\/03\/31_6_DSC_5743-96x96.jpg 96w\" sizes=\"(max-width: 150px) 100vw, 150px\" \/><\/a>\n\t\t\t<\/div><\/figure><figure class='gallery-item'>\n\t\t\t<div class='gallery-icon landscape'>\n\t\t\t\t<a data-elementor-open-lightbox=\"yes\" data-elementor-lightbox-slideshow=\"3919c68\" data-elementor-lightbox-title=\"Motherboard\" data-e-action-hash=\"#elementor-action%3Aaction%3Dlightbox%26settings%3DeyJpZCI6MTY2MiwidXJsIjoiaHR0cHM6XC9cL3d3dy5zaW5jbGFpcmNvbGxlY3Rpb24uc2l0ZVwvd3AtY29udGVudFwvdXBsb2Fkc1wvMjAyMlwvMDNcLzMxXzdfRFNDXzA1NTQuanBnIiwic2xpZGVzaG93IjoiMzkxOWM2OCJ9\" href='https:\/\/www.sinclaircollection.site\/wp-content\/uploads\/2022\/03\/31_7_DSC_0554.jpg'><img loading=\"lazy\" decoding=\"async\" width=\"150\" height=\"150\" src=\"https:\/\/www.sinclaircollection.site\/wp-content\/uploads\/2022\/03\/31_7_DSC_0554-150x150.jpg\" class=\"attachment-thumbnail size-thumbnail\" alt=\"\" srcset=\"https:\/\/www.sinclaircollection.site\/wp-content\/uploads\/2022\/03\/31_7_DSC_0554-150x150.jpg 150w, https:\/\/www.sinclaircollection.site\/wp-content\/uploads\/2022\/03\/31_7_DSC_0554-666x666.jpg 666w, https:\/\/www.sinclaircollection.site\/wp-content\/uploads\/2022\/03\/31_7_DSC_0554-96x96.jpg 96w\" sizes=\"(max-width: 150px) 100vw, 150px\" \/><\/a>\n\t\t\t<\/div><\/figure><figure class='gallery-item'>\n\t\t\t<div class='gallery-icon landscape'>\n\t\t\t\t<a data-elementor-open-lightbox=\"yes\" data-elementor-lightbox-slideshow=\"3919c68\" data-elementor-lightbox-title=\"Underneath the DELTA logo\" data-e-action-hash=\"#elementor-action%3Aaction%3Dlightbox%26settings%3DeyJpZCI6MTY2MywidXJsIjoiaHR0cHM6XC9cL3d3dy5zaW5jbGFpcmNvbGxlY3Rpb24uc2l0ZVwvd3AtY29udGVudFwvdXBsb2Fkc1wvMjAyMlwvMDNcLzMxXzhfMDFiLVVuZGVybmVhdGgtdGhlLURFTFRBLWxvZ28uanBnIiwic2xpZGVzaG93IjoiMzkxOWM2OCJ9\" href='https:\/\/www.sinclaircollection.site\/wp-content\/uploads\/2022\/03\/31_8_01b-Underneath-the-DELTA-logo.jpg'><img loading=\"lazy\" decoding=\"async\" width=\"150\" height=\"150\" src=\"https:\/\/www.sinclaircollection.site\/wp-content\/uploads\/2022\/03\/31_8_01b-Underneath-the-DELTA-logo-150x150.jpg\" class=\"attachment-thumbnail size-thumbnail\" alt=\"\" srcset=\"https:\/\/www.sinclaircollection.site\/wp-content\/uploads\/2022\/03\/31_8_01b-Underneath-the-DELTA-logo-150x150.jpg 150w, https:\/\/www.sinclaircollection.site\/wp-content\/uploads\/2022\/03\/31_8_01b-Underneath-the-DELTA-logo-666x666.jpg 666w, https:\/\/www.sinclaircollection.site\/wp-content\/uploads\/2022\/03\/31_8_01b-Underneath-the-DELTA-logo-96x96.jpg 96w\" sizes=\"(max-width: 150px) 100vw, 150px\" \/><\/a>\n\t\t\t<\/div><\/figure>\n\t\t<\/div>\n\t\t<\/div>\n\t\t\t\t<\/div>\n\t\t\t\t<\/div>\n\t\t\t\t\t<\/div>\n\t\t<\/div>\n\t\t\t\t\t<\/div>\n\t\t<\/section>\n\t\t\t\t<\/div>\n\t\t","protected":false},"excerpt":{"rendered":"<p>Brand:&nbsp;Iskra DeltaModel: DeltaCountry of origin: Yugoslavia \/&nbsp;CzechoslovakiaMade in: United KingdomFirst<\/p>\n<p><span class=\"more-link\"><a href=\"https:\/\/www.sinclaircollection.site\/?page_id=457\" class=\"readmore\">Continue reading<span class=\"screen-reader-text\">DELTA<\/span><\/a><\/span><\/p>\n","protected":false},"author":1,"featured_media":0,"parent":0,"menu_order":0,"comment_status":"closed","ping_status":"closed","template":"","meta":{"footnotes":""},"class_list":["post-457","page","type-page","status-publish","hentry"],"_links":{"self":[{"href":"https:\/\/www.sinclaircollection.site\/index.php?rest_route=\/wp\/v2\/pages\/457","targetHints":{"allow":["GET"]}}],"collection":[{"href":"https:\/\/www.sinclaircollection.site\/index.php?rest_route=\/wp\/v2\/pages"}],"about":[{"href":"https:\/\/www.sinclaircollection.site\/index.php?rest_route=\/wp\/v2\/types\/page"}],"author":[{"embeddable":true,"href":"https:\/\/www.sinclaircollection.site\/index.php?rest_route=\/wp\/v2\/users\/1"}],"replies":[{"embeddable":true,"href":"https:\/\/www.sinclaircollection.site\/index.php?rest_route=%2Fwp%2Fv2%2Fcomments&post=457"}],"version-history":[{"count":37,"href":"https:\/\/www.sinclaircollection.site\/index.php?rest_route=\/wp\/v2\/pages\/457\/revisions"}],"predecessor-version":[{"id":11318,"href":"https:\/\/www.sinclaircollection.site\/index.php?rest_route=\/wp\/v2\/pages\/457\/revisions\/11318"}],"wp:attachment":[{"href":"https:\/\/www.sinclaircollection.site\/index.php?rest_route=%2Fwp%2Fv2%2Fmedia&parent=457"}],"curies":[{"name":"wp","href":"https:\/\/api.w.org\/{rel}","templated":true}]}}